{"id":42,"date":"2022-03-10T19:22:43","date_gmt":"2022-03-10T16:22:43","guid":{"rendered":"http:\/\/tepekoy.de\/en\/?page_id=42"},"modified":"2024-09-03T19:43:01","modified_gmt":"2024-09-03T18:43:01","slug":"history","status":"publish","type":"page","link":"https:\/\/tepekoy.de\/en\/history\/","title":{"rendered":"History"},"content":{"rendered":"\n<p class=\"has-text-align-center has-medium-font-size\"><strong>History 1<\/strong><\/p>\n\n\n\n<p>There are no written sources about the history of Tepek\u00f6y. For this reason, one must rely on oral traditions.<\/p>\n\n\n<div class=\"wp-block-image\">\n<figure class=\"alignleft size-full is-resized\"><img loading=\"lazy\" decoding=\"async\" width=\"363\" height=\"464\" src=\"https:\/\/tepekoy.de\/en\/wp-content\/uploads\/sites\/5\/2022\/03\/osmantekin.jpg\" alt=\"\" class=\"wp-image-36\" style=\"width:195px;height:249px\" srcset=\"https:\/\/tepekoy.de\/en\/wp-content\/uploads\/sites\/5\/2022\/03\/osmantekin.jpg 363w, https:\/\/tepekoy.de\/en\/wp-content\/uploads\/sites\/5\/2022\/03\/osmantekin-235x300.jpg 235w\" sizes=\"auto, (max-width: 363px) 100vw, 363px\" \/><figcaption class=\"wp-element-caption\">Osman Tekin<\/figcaption><\/figure>\n<\/div>\n\n\n<p>Therefore, I asked one of the oldest people in the village, Osman Tekin, who was born in the year 338 according to the old calendar. However, even he is too young to provide precise details about the early history of the village. He also bases his knowledge on oral traditions. Osman Tekin, the village&#8217;s mayor from 1955 to 1962, estimates the number of residents in 2001 to be around 400 to 450, with approximately 70 families. At its peak, around 1955, Tepek\u00f6y was home to 220 families, equating to a population of about 2,000 people.<\/p>\n\n\n\n<p>According to Osman Tekin, the village was founded around the year \u201c290\u201d because the oldest grave in the Tepek\u00f6y cemetery dates back to that year. Initially, the area of Tepek\u00f6y was believed to be part of Erbisim, a neighboring village. The generation around Dede Tekin (born \u201c332\u201d) is said to have begun building houses in what is now Tepek\u00f6y. Gradually, more people moved to the area, including some from Yesili, another neighboring village.<\/p>\n\n\n\n<p>Eventually, the growing village was purchased from Erbisim and established as an independent settlement.<\/p>\n\n\n\n<p>The name is composed of the words &#8220;Tepe&#8221; (meaning hill) and &#8220;k\u00f6y&#8221; (meaning village). Therefore, the village&#8217;s name could be translated as &#8220;Hill Village.&#8221;<\/p>\n\n\n\n<p>Osman Tekin recalls that in 1939, when he was about 16 years old, an earthquake shook the village and caused minor damage. He still remembers how the \u201ctrees were shaken back and forth.\u201d However, at the time, he did not realize that it was an earthquake. The villagers believed that \u201cthere were oxen below,\u201d which \u201cshook everything with their horns.\u201d<\/p>\n\n\n\n<p>For a long time, Tepek\u00f6y enjoyed a prosperity that neighboring villages could not match. A school, a police station, a caf\u00e9, and similar buildings were constructed, representing a very high standard.<\/p>\n\n\n\n<p>The old mosque is said to have been built during the time of Mulla Mustafa, but it was eventually replaced in 1997 by the new Nihat Tekin Mosque.<\/p>\n\n\n\n<p>The reasons for the migration to the cities since 1990, according to Osman Tekin, are varied. The village simply offers no future for the youth. For example, there was no school for several years.<\/p>\n\n\n\n<p>The fields are often sold in order to use the money to move to the cities. Without fields, a villager cannot sustain themselves. Thus, the younger generation is forced to migrate to the cities.<\/p>\n\n\n\n<p class=\"has-text-align-right\"><strong>Deniz-Osman Tekin (2002)<\/strong><\/p>\n\n\n\n<hr class=\"wp-block-separator has-text-color has-luminous-vivid-orange-color has-css-opacity has-luminous-vivid-orange-background-color has-background is-style-wide\"\/>\n\n\n\n<p class=\"has-text-align-center has-medium-font-size\"><strong><strong>History 2<\/strong><\/strong><\/p>\n\n\n\n<p>Our village was established approximately 180 years ago. Our village is a Turkmen village and consists of many tribes. The first families to settle in our village were the Takait (K\u00f6ksal) and H\u0131d\u0131rlar (Avc\u0131) families.<\/p>\n\n\n<div class=\"wp-block-image\">\n<figure class=\"alignleft size-full\"><img loading=\"lazy\" decoding=\"async\" width=\"180\" height=\"119\" src=\"https:\/\/tepekoy.de\/en\/wp-content\/uploads\/sites\/5\/2022\/03\/schild.jpg\" alt=\"\" class=\"wp-image-46\"\/><\/figure>\n<\/div>\n\n\n<p>During the Ottoman Empire, in a place now called Ay\u0131p, which was previously known as Osman B\u00f6\u011fr\u00fc, there was a commander named Osman Bey who was training soldiers. A man called Takait was one of Osman Bey&#8217;s soldiers. During a battle, a sword cut part of Takait&#8217;s nose, so he was retired from service. The name Takait comes from the word &#8220;tekav\u00fct,&#8221; which means retired person.<\/p>\n\n\n\n<p>Because Osman Bey liked Takait, he gave him the land where our village now stands. Later, other tribes migrated and settled in the village. Me\u015fek\u00f6y and Erbi\u015fim villages are also Turkmen villages, but they were established before ours. \u00d6merhac\u0131l\u0131 is also a very old village.<\/p>\n\n\n\n<p>The Kurdish villages were established later by three brothers (Yusuf, Bayram, and Mehmet) who came from the east. The village founded by Yusuf was named \u00c7ad\u0131rl\u0131 Hac\u0131 Yusuf Village (Lower Kurd), the one founded by Bayram was named \u00c7ad\u0131rl\u0131 Hac\u0131 Bayram Village (Cinderesi), and the village founded by Mehmet was named \u00c7ad\u0131rl\u0131 K\u00f6r Mehmet Village (Opposite Kurd). All the families in our village originated from Khorasan in Central Asia, migrating from place to place before finally settling in our village.<\/p>\n\n\n\n<p class=\"has-text-align-right\"><strong>Hakan Manav<\/strong><\/p>\n","protected":false},"excerpt":{"rendered":"<p>History 1 There are no written sources about the history of Tepek\u00f6y. For this reason, one must rely on oral traditions. Therefore, I asked one of the oldest people in the village, Osman Tekin, who was born in the year 338 according to the old calendar. However, even he is too young to provide precise [&hellip;]<\/p>\n","protected":false},"author":1,"featured_media":0,"parent":0,"menu_order":0,"comment_status":"closed","ping_status":"closed","template":"","meta":{"_bbp_topic_count":0,"_bbp_reply_count":0,"_bbp_total_topic_count":0,"_bbp_total_reply_count":0,"_bbp_voice_count":0,"_bbp_anonymous_reply_count":0,"_bbp_topic_count_hidden":0,"_bbp_reply_count_hidden":0,"_bbp_forum_subforum_count":0,"footnotes":""},"class_list":["post-42","page","type-page","status-publish","hentry"],"_links":{"self":[{"href":"https:\/\/tepekoy.de\/en\/wp-json\/wp\/v2\/pages\/42","targetHints":{"allow":["GET"]}}],"collection":[{"href":"https:\/\/tepekoy.de\/en\/wp-json\/wp\/v2\/pages"}],"about":[{"href":"https:\/\/tepekoy.de\/en\/wp-json\/wp\/v2\/types\/page"}],"author":[{"embeddable":true,"href":"https:\/\/tepekoy.de\/en\/wp-json\/wp\/v2\/users\/1"}],"replies":[{"embeddable":true,"href":"https:\/\/tepekoy.de\/en\/wp-json\/wp\/v2\/comments?post=42"}],"version-history":[{"count":9,"href":"https:\/\/tepekoy.de\/en\/wp-json\/wp\/v2\/pages\/42\/revisions"}],"predecessor-version":[{"id":449,"href":"https:\/\/tepekoy.de\/en\/wp-json\/wp\/v2\/pages\/42\/revisions\/449"}],"wp:attachment":[{"href":"https:\/\/tepekoy.de\/en\/wp-json\/wp\/v2\/media?parent=42"}],"curies":[{"name":"wp","href":"https:\/\/api.w.org\/{rel}","templated":true}]}}

<p class="has-text-align-center has-medium-font-size"><strong>History 1</strong></p>



<p>There are no written sources about the history of Tepeköy. For this reason, one must rely on oral traditions.</p>


<div class="wp-block-image">
<figure class="alignleft size-full is-resized"><img loading="lazy" decoding="async" width="363" height="464" src="https://tepekoy.de/en/wp-content/uploads/sites/5/2022/03/osmantekin.jpg" alt="" class="wp-image-36" style="width:195px;height:249px" srcset="https://tepekoy.de/en/wp-content/uploads/sites/5/2022/03/osmantekin.jpg 363w, https://tepekoy.de/en/wp-content/uploads/sites/5/2022/03/osmantekin-235x300.jpg 235w" sizes="auto, (max-width: 363px) 100vw, 363px" /><figcaption class="wp-element-caption">Osman Tekin</figcaption></figure>
</div>


<p>Therefore, I asked one of the oldest people in the village, Osman Tekin, who was born in the year 338 according to the old calendar. However, even he is too young to provide precise details about the early history of the village. He also bases his knowledge on oral traditions. Osman Tekin, the village&#8217;s mayor from 1955 to 1962, estimates the number of residents in 2001 to be around 400 to 450, with approximately 70 families. At its peak, around 1955, Tepeköy was home to 220 families, equating to a population of about 2,000 people.</p>



<p>According to Osman Tekin, the village was founded around the year “290” because the oldest grave in the Tepeköy cemetery dates back to that year. Initially, the area of Tepeköy was believed to be part of Erbisim, a neighboring village. The generation around Dede Tekin (born “332”) is said to have begun building houses in what is now Tepeköy. Gradually, more people moved to the area, including some from Yesili, another neighboring village.</p>



<p>Eventually, the growing village was purchased from Erbisim and established as an independent settlement.</p>



<p>The name is composed of the words &#8220;Tepe&#8221; (meaning hill) and &#8220;köy&#8221; (meaning village). Therefore, the village&#8217;s name could be translated as &#8220;Hill Village.&#8221;</p>



<p>Osman Tekin recalls that in 1939, when he was about 16 years old, an earthquake shook the village and caused minor damage. He still remembers how the “trees were shaken back and forth.” However, at the time, he did not realize that it was an earthquake. The villagers believed that “there were oxen below,” which “shook everything with their horns.”</p>



<p>For a long time, Tepeköy enjoyed a prosperity that neighboring villages could not match. A school, a police station, a café, and similar buildings were constructed, representing a very high standard.</p>



<p>The old mosque is said to have been built during the time of Mulla Mustafa, but it was eventually replaced in 1997 by the new Nihat Tekin Mosque.</p>



<p>The reasons for the migration to the cities since 1990, according to Osman Tekin, are varied. The village simply offers no future for the youth. For example, there was no school for several years.</p>



<p>The fields are often sold in order to use the money to move to the cities. Without fields, a villager cannot sustain themselves. Thus, the younger generation is forced to migrate to the cities.</p>



<p class="has-text-align-right"><strong>Deniz-Osman Tekin (2002)</strong></p>



<hr class="wp-block-separator has-text-color has-luminous-vivid-orange-color has-css-opacity has-luminous-vivid-orange-background-color has-background is-style-wide"/>



<p class="has-text-align-center has-medium-font-size"><strong><strong>History 2</strong></strong></p>



<p>Our village was established approximately 180 years ago. Our village is a Turkmen village and consists of many tribes. The first families to settle in our village were the Takait (Köksal) and Hıdırlar (Avcı) families.</p>


<div class="wp-block-image">
<figure class="alignleft size-full"><img loading="lazy" decoding="async" width="180" height="119" src="https://tepekoy.de/en/wp-content/uploads/sites/5/2022/03/schild.jpg" alt="" class="wp-image-46"/></figure>
</div>


<p>During the Ottoman Empire, in a place now called Ayıp, which was previously known as Osman Böğrü, there was a commander named Osman Bey who was training soldiers. A man called Takait was one of Osman Bey&#8217;s soldiers. During a battle, a sword cut part of Takait&#8217;s nose, so he was retired from service. The name Takait comes from the word &#8220;tekavüt,&#8221; which means retired person.</p>



<p>Because Osman Bey liked Takait, he gave him the land where our village now stands. Later, other tribes migrated and settled in the village. Meşeköy and Erbişim villages are also Turkmen villages, but they were established before ours. Ömerhacılı is also a very old village.</p>



<p>The Kurdish villages were established later by three brothers (Yusuf, Bayram, and Mehmet) who came from the east. The village founded by Yusuf was named Çadırlı Hacı Yusuf Village (Lower Kurd), the one founded by Bayram was named Çadırlı Hacı Bayram Village (Cinderesi), and the village founded by Mehmet was named Çadırlı Kör Mehmet Village (Opposite Kurd). All the families in our village originated from Khorasan in Central Asia, migrating from place to place before finally settling in our village.</p>



<p class="has-text-align-right"><strong>Hakan Manav</strong></p>

<p>History 1 There are no written sources about the history of Tepeköy. For this reason, one must rely on oral traditions. Therefore, I asked one of the oldest people in the village, Osman Tekin, who was born in the year 338 according to the old calendar. However, even he is too young to provide precise [&hellip;]</p>
